lue of -3 + (-4 - (-3 + 2)) + 8?
2
-20 + 4 + 9 + 3
-4
What is the value of 0 - ((5 - 0) + -1 - -1)?
-5
Calculate (-1 - 0 - -3) + -11.
-9
Evaluate -2 - -5 - ((4 - 4) + 2).
1
12 + -11 + (-3 - -4)
2
-11 + 7 - 2 - (-9 - 0)
3
1 - (4 + (5 - 9))
1
Evaluate -2 - (4 - 6) - -3.
3
-4 + -3 - (-5 - -4)
-6
Calculate 44 - 39 - (3 + -2).
4
-12 - -7 - (-3 + -1) - 3
-4
What is (-2 - -6) + -7 + 0?
-3
Evaluate (-4 - (4 - 11)) + 2.
5
Calculate 6 + -8 + (13 - 6).
5
Evaluate 4 + (-3 + -2 - -5) - -1.
5
Calculate -2 - (1 + 0) - (-5 - 3).
5
What is 0 + 4 + (0 - 7)?
-3
What is the value of 4 - -4 - (-3 + 9 - 8)?
10
-10 + (9 - 11 - -5)
-7
Evaluate (4 - 6) + 6 - (5 + 1).
-2
What is the value of -25 - (-30 - -15) - -7?
-3
What is the value of 4 + -1 + (24 - (-2 - -21))?
8
-13 - (-9 - -3) - -2
-5
Calculate -1 - (-1 - (1 + -4) - 0).
-3
Evaluate 1 - (-2 + (-8 - -10)).
1
(-2 + 2 + 3 - 3) + -4
-4
Evaluate -7 + (0 - -6) - 0.
-1
-4 + (4 + 0 - (0 - 3))
3
-13 + (4 - 0) + 9
0
What is 7 - (5 + 6 + -6)?
2
What is -5 + 4 + -1 - (5 - 3)?
-4
Evaluate 1 - -1 - (6 + (0 - 6)).
2
Calculate -8 + 26 + -7 + -14.
-3
(7 + -7 - -3) + -5
-2
Evaluate (-4 - (-1 + -9)) + -8 + -2.
-4
What is the value of -6 + 4 + 1 + -2?
-3
Calculate 0 + -7 + 10 + 2 + -3.
2
(2 - -4 - 1) + -3
2
What is 6 + -4 + -1 - -2 - -1?
4
-1 + (-5 + 7 + 0 - 4)
-3
What is (3 - 3) + (-1 - (3 - 3))?
-1
Evaluate 4 + (-6 - 0) - (3 - 1).
-4
Calculate 9 - (7 + -1 - (-2 - -2)).
3
4 + 4 - 6 - 4 - 2
-4
What is the value of -6 - (1 - -6 - 17)?
4
What is 6 + -1 + 0 + -9 + 9?
5
What is (3 - (3 - 2)) + -1 + -3?
-2
-9 - (12 + -8 + -6)
-7
Evaluate 4 - (-2 + 0) - (18 - 17).
5
-1 + (2 - -4) + -5
0
What is the value of -1 + (-1 - (-6 + 3))?
1
What is -3 - (0 + 3 - 9) - 4?
-1
What is the value of (-15 + -6 + 10 - -4) + -1?
-8
10 + 8 + -7 + -7
4
10 - (-2 - (-4 - 0 - -1))
9
What is the value of 5 - 0 - (-7 - -9) - 4?
-1
What is 5 - (-1 + -3 + 14)?
-5
What is the value of -90 + 90 + (0 - -3)?
3
Calculate -7 - ((-1 - -2) + -4).
-4
Evaluate -5 - (-5 - (2 - 6)).
-4
Evaluate -12 + -7 + 14 - -2.
-3
(-3 - 1) + -1 + 2
-3
What is the value of 29 - 32 - (-2 + 6)?
-7
What is -3 + 4 - (-6 - (3 - 11))?
-1
4 + (6 - 7) + (-3 - 1)
-1
Calculate -9 - (-3 + (-22 - -10)).
6
What is 3 - 5 - (1 - 5)?
2
-1 + -3 + 15 + -10
1
-5 - -2 - (-2 - 0)
-1
What is 1 + (3 - -3) - (18 + -22)?
11
Evaluate -7 + 2 - (-5 + (-2 - -8)).
-6
What is -2 - (-4 + 0 + 4)?
-2
What is the value of (33 - 38 - (1 - 1)) + 1?
-4
What is the value of 3 - ((-6 - (-6 - 10)) + -5)?
-2
What is 0 + 0 - (-6 + 17 + -7)?
-4
Calculate (3 - (-5 - -9)) + 4.
3
What is 2 + 5 - 5 - -8?
10
Calculate -9 + -2 + (-1 - -3) + 6.
-3
Calculate -3 + (-15 + 25 - (-2 - -1)).
8
Calculate 2 - (0 + 1 + (-23 - -22)).
2
Calculate -1 - (3 - -3 - 5).
-2
Evaluate 2 - (7 - 6) - 11.
-10
What is 0 + (11 - 7) + -4 + 4?
4
What is 3 - (3 - (-6 - -11))?
5
Calculate 1 + -3 + 6 + (-4 - -6).
6
Calculate -5 - -3 - 3 - (2 + 0).
-7
What is -10 - (-3 - 3 - -1)?
-5
(2 - -2) + 10 + -6 + -4
4
(2 - (-6 - 0) - 1) + 2
9
Calculate -6 + -2 + (0 + -2 - -7).
-3
What is -5 + 11 + -4 - (-1 - -1)?
2
Evaluate -1 - 0 - (5 + -3).
-3
Evaluate -2 - (0 + -1 + (1 - 1)).
-1
What is 3 + (1 - 7 - (-2 - -2))?
-3
What is the value of -1 + 0 + 3 + -3?
-1
What is 2 + 1 + (-1 - (1 + 1))?
0
What is 5 - (1 + 4 + 1)?
-1
What is 0 - 6 - (0 - 4)?
-2
0 + 6 - (11 - 1)
-4
Evaluate -7 + (11 - 5) + -6.
-7
Evaluate (0 - 9) + 64 + -55.
0
-12 + (-14 - -25) - (9 - 1)
-9
-2 + -1 + 3 + -1 + -2
-3
4 + -2 + 1 + -1 + 0
2
What is the value of -7 - (5 + -17 + 9)?
-4
What is 2 - ((-2 - (0 + -5)) + 3)?
-4
Calculate (-8 - -2) + -1 + 5.
-2
(3 + 6 + -36 - -9) + 8
-10
Calculate 8 + -19 + (-6 - -6).
-11
Evaluate (-6 - -5) + (40 - 36).
3
Evaluate -1 + 1 - (-4 + 6).
-2
What is 9 - (-14 + 6 + 9)?
8
-2 + 9 + -7 + 6
6
14 - (2 + 9 + -2)
5
Calculate 6 + 0 + -1 + -5.
0
Calculate (1 + 2 - (-1 - -2)) + 3.
5
Evaluate 2 + (7 - (-10 + 14)).
5
16 - 9 - (4 + 0) - -6
9
3 + -1 + (3 - 4)
1
2 + 6 + -3 + -3 + -6
-4
2 + 0 + -3 + 3 + -3
-1
What is the value of -3 + 3 + -2 - -10?
8
What is the value of 9 + (-15 - 0) - (-3 - 2)?
-1
What is the value of -2 - 2 - (-1 + -3)?
0
What is 0 + -5 + -1 - -5?
-1
What is 12 - (10 - -9 - 10)?
3
Calculate 1 + (-4 + 0 + 5 - -8).
10
Calculate 5 + -4 + -2 - 0.
-1
What is -8 + -5 + 3 + 7 + -5?
-8
Calculate 5 + (18 - 11) + -5.
7
What is -17 + 17 - (3 - (-3 - -1))?
-5
-2 + 4 - (-1 - (1 + -2))
2
What is (-5 - (5 - 5)) + 3?
-2
6 + -17 + 4 + 5
-2
Evaluate 7 + -2 + -5 + -5.
-5
What is the value of 6 + (-8 - -3) - (9 + -4)?
-4
What is -1187 + 1193 - (5 - (0 + 1))?
2
Evaluate 6 - (23 + -22 - (5 - 2)).
8
What is (-3 - (0 - 1)) + 3?
1
What is the value of 11 + -7 + -2 - -4?
6
What is -3 + (2 - -10) + -3?
6
What is the value of -1 + (1 - 4) + 0 + 1?
-3
Calculate 27 + -24 - (-1 + (-2 - -4)).
2
What is the value of (23 - 20) + (-5 - 4)?
-6
What is the value of -6 - (-1 + (-6 - -5))?
-4
What is the value of -2 + -8 + 1 + 7?
-2
What is the value of -3 + (0 + -3 - -4) + -2?
-4
What is (-1 - -1 - -6) + 0 - 4?
2
What is the value of -4 + (-3 - 2) + 5 + 5?
1
What is 2 + (-4 - -2) + 4 + 1?
5
Evaluate -4 - (2 + -2 + -3 + 2).
-3
Evaluate -6 - (-3 - (-5 + 6)).
-2
13 - -12 - 8 - 10
7
Evaluate -4 + 2 - -2 - (4 + -2).
-2
Calculate (0 - 8) + -1 + (13 - 8).
-4
What is the value of 3 - 1 - (-1 + 1) - 11?
-9
3 + (1 - 2) - (3 + -3)
2
What is 6 + -4 + -4 - -2 - 1?
-1
What is 2 - 0 - (-2 - -2)?
2
Evaluate (5 - 3) + (-12 - -6).
-4
-7 + (-3 - -2) + -3 - -4
-7
(1 - 2) + (-13 - -11) + 10
7
What is (11 + -21 - -15) + -10?
-5
-7 + (-3 - (-19 - -11))
-2
What is -11 + (8 - (-2 - -2)) + -7?
-10
What is the value of (0 - 1) + (-1 - 6) + 11?
3
What is (3 - (-8 - -3)) + -13?
-5
Evaluate 7 + -9 + 3 + (-1 - -6).
6
Calculate 1 + 1 + (-8 - -6).
0
-22 - -28 - (3 - 0)
3
Calculate 2 + -7 + 3 + 0.
-2
-9 - (3 - (5 + 3))
-4
What is the value of 2 + -1 + -1 + (0 - -5)?
5
Evaluate -13 - (-12 - -2) - (-1 + 4).
-6
Evaluate -6 - ((0 - -7) + -22).
9
Calculate -8 + 3 + 0 - (4 + -10).
1
What is 6 - (2 - (7 + -11 + -2))?
-2
Calculate -3 + 0 - ((0 - -1) + -4).
0
What is -2 - 1 - (5 - (-1 + 4))?
-5
Calculate 1 - (0 + 0 + -4 + 4).
1
What is the value of -5 - ((-15 - -6) + 1)?
3
Calculate -6 - -12 - -3 - 15.
-6
3 + 4 + -11 + 1 + 4
1
What is (3 - 5) + -9 + -2 - -6?
-7
(0 - 2) + (-17 - -20)
1
What is 9 + -6 + 0 + -5 - 3?
-5
Calculate (-1 - (6 + -4)) + 2.
-1
What is 10 + (-1 - 1 - (-2 + 3))?
7
What is the value of (2 + -2 - 3) + 7?
4
Calculate 39 + -51 + 9 + -1 + -1.
-5
3 + 3 + -2 + -3 - 1
0
What is (-5 - -5 - 0) + 4 + -3?
1
What is -11 - ((5 - -3) + -26)?
7
Evaluate (-2 - -2) + -1 + -3 + 5.
1
Calculate -8 + 5 + 0 - 2.
-5
What is the value of (-1 + 3 - -2) + -3 + -8?
-7
What is the value of -6 - 0 - (-13 + (11 - 1))?
-3
What is -4 - (-7 + (3 - -2) - 4)?
2
What is -1 + 1 + 2 + 3?
5
Evaluate 4 + -1 + 1 + -3.
1
Calculate (6 - 11) + 1 + -1 + -1.
-6
What is (-2 - 4) + 0 + 7?
1
1 + (11 - (-9 + 18))
3
What is 3 - (8 - 17 - (1 + -6))?
7
Evaluate 4 + 4 + (-13 - -4).
-1
What is the value of -6 + (0 - -1) + 11?
6
What is the value of 15 - -5 - (16 - 4)?
8
Calculate -1 + 5 + (-3 - 2) - -6.
5
-3 - -6 - (-1 + 6)
-2
Evaluate 4 + (-2 - -2 - 4) + 3.
3
What is 2 + -11 + 11 + -6?
-4
What is the value of 0 + (0 - 5) + 10?
5
What is 2 + -2 + -1 - 5?
-6
(4 - -4) + -14 + 2
-4
What is (7 - (2 - 0)) + 3 + -3?
5
What is the value of (6 + (0 - 3) - 0) + -4?
-1
Calculate -3 - (0 + 0 + -5) - -2.
4
Calculate -4 - 0 - -3 - (-1 - 0).
0
-4 + (10 - (4 - 0)) + 1
3
Evaluate -4 - (0 + 0 - (-2 + 2)).
-4
What is 2 + 0 + (1 - 6 - -5)?
2
6 + (4 - 11 - 2)
-3
7 + (-9 - 4) + (-4 - -2)
-8
5 + (-4 - (-3 + 9)) + 4
-1
What is -3 + (0 - -2) - (-2 - -2)?
-1
-4 + (15 - 9 - (-1 - -2))
1
Evaluate -8 + (11 - (2 + 3)).
-2
1 + 2 + -11 - -3
-5
(-106 - -104) + (-1 - -9)
6
(0 - 2) + 6 + 2 + -3
3
What is 12 + 0 - ((-1 - 6) + 11)?
8
What is (0 - -1) + 5 + -8 + 2?
0
What is 2 - 8 - (-3 + -6 - -6)?
-3
What is the value of -3 + 1 + (5 - 1) + 3?
5
Evaluate (-2 - (-6 + 2)) + -4 - -3.
1
Evaluate (4 + 10 - 7) + -5 - 7.
-5
1 - 3 - (0 + 4 + -12)
6
Calculate 3 - (-1 - -4 - (-23 + 21)).
-2
8 + -6 - 25 - -13
-10
Calculate (-8 - (-6 + 4 + -4)) + -3.
-5
Calculate 24 + -20 - (5 + -1).
0
2 + 0 + -7 - -2
-3
What is the value of 0 + (4 - (2 + -3))?
5
Calculate 1 - (8 + -5 - -1 - 4).
1
Evaluate 1 + 7 + -9 + (-6 - -12).
5
Evaluate (-4 - (-4 -